{"id":7,"date":"2023-01-06T00:18:04","date_gmt":"2023-01-06T00:18:04","guid":{"rendered":"https:\/\/nautitours.cl\/?page_id=7"},"modified":"2023-01-06T18:33:18","modified_gmt":"2023-01-06T18:33:18","slug":"acerca-de","status":"publish","type":"page","link":"https:\/\/nautitours.cl\/?page_id=7","title":{"rendered":"Actividades"},"content":{"rendered":"\n<h2 class=\"wp-block-heading\">Paseos Tour\u2019s en lancha<\/h2>\n\n\n\n<p>Todos nuestros tour\u2019s son privados para un m\u00e1ximo de 6 pasajeros. Tenemos diferentes alternativas de recorrido, desde 15 minutos de navegaci\u00f3n donde podr\u00e1s conocer la <strong>Isla Cerrillos<\/strong> (<em>Reserva Nacional Laguna Torca<\/em>) hasta 1 \u00bd hora donde conocer\u00e1s todos los rincones del lago y sus bah\u00edas, podr\u00e1s disfrutar un piquero de acuerdo a tus requerimientos!<\/p>\n\n\n\n<p><\/p>\n\n\n\n<figure class=\"wp-block-gallery has-nested-images columns-default is-cropped wp-block-gallery-1 is-layout-flex wp-block-gallery-is-layout-flex\">\n<figure class=\"wp-block-image size-large\"><img loading=\"lazy\" decoding=\"async\" width=\"900\" height=\"506\" data-id=\"78\" src=\"https:\/\/nautitours.cl\/wp-content\/uploads\/2023\/01\/PASEOS-TOURS-LAGO-VICHUQUEN-0002.jpg\" alt=\"\" class=\"wp-image-78\" srcset=\"https:\/\/nautitours.cl\/wp-content\/uploads\/2023\/01\/PASEOS-TOURS-LAGO-VICHUQUEN-0002.jpg 900w, https:\/\/nautitours.cl\/wp-content\/uploads\/2023\/01\/PASEOS-TOURS-LAGO-VICHUQUEN-0002-300x169.jpg 300w, https:\/\/nautitours.cl\/wp-content\/uploads\/2023\/01\/PASEOS-TOURS-LAGO-VICHUQUEN-0002-768x432.jpg 768w\" sizes=\"auto, (max-width: 900px) 100vw, 900px\" \/><\/figure>\n<\/figure>\n\n\n\n<h2 class=\"wp-block-heading\">Kayak\u2019s<\/h2>\n\n\n\n<p>Contamos con arriendo de Kayak\u2019s single&nbsp; y doble (1 y 2 personas) del tipo \u201d<em>sit on top<\/em>\u201d es decir, estar sentado por encima. Lo mejor para principiantes por su estabilidad y sencillez de manejar. Si no tienes experiencia te daremos una previa instrucci\u00f3n de iniciaci\u00f3n.<\/p>\n\n\n\n<p>Incluye remo y chaleco salvavidas \u2013 Uso de nuestro <\/p>\n\n\n\n<figure class=\"wp-block-gallery has-nested-images columns-default is-cropped wp-block-gallery-2 is-layout-flex wp-block-gallery-is-layout-flex\">\n<figure class=\"wp-block-image size-large\"><img loading=\"lazy\" decoding=\"async\" width=\"1024\" height=\"678\" data-id=\"140\" src=\"https:\/\/nautitours.cl\/wp-content\/uploads\/2023\/01\/BIGSUP-9-ENERO-002-1024x678.jpg\" alt=\"\" class=\"wp-image-140\" srcset=\"https:\/\/nautitours.cl\/wp-content\/uploads\/2023\/01\/BIGSUP-9-ENERO-002-1024x678.jpg 1024w, https:\/\/nautitours.cl\/wp-content\/uploads\/2023\/01\/BIGSUP-9-ENERO-002-300x199.jpg 300w, https:\/\/nautitours.cl\/wp-content\/uploads\/2023\/01\/BIGSUP-9-ENERO-002-768x509.jpg 768w, https:\/\/nautitours.cl\/wp-content\/uploads\/2023\/01\/BIGSUP-9-ENERO-002.jpg 1200w\" sizes=\"auto, (max-width: 1024px) 100vw, 1024px\" \/><\/figure>\n\n\n\n<figure class=\"wp-block-image size-large\"><img loading=\"lazy\" decoding=\"async\" width=\"1024\" height=\"768\" data-id=\"143\" src=\"https:\/\/nautitours.cl\/wp-content\/uploads\/2023\/01\/IMG_0101-1-1024x768.jpg\" alt=\"\" class=\"wp-image-143\" srcset=\"https:\/\/nautitours.cl\/wp-content\/uploads\/2023\/01\/IMG_0101-1-1024x768.jpg 1024w, https:\/\/nautitours.cl\/wp-content\/uploads\/2023\/01\/IMG_0101-1-300x225.jpg 300w, https:\/\/nautitours.cl\/wp-content\/uploads\/2023\/01\/IMG_0101-1-768x576.jpg 768w, https:\/\/nautitours.cl\/wp-content\/uploads\/2023\/01\/IMG_0101-1-1536x1152.jpg 1536w, https:\/\/nautitours.cl\/wp-content\/uploads\/2023\/01\/IMG_0101-1-2048x1536.jpg 2048w\" sizes=\"auto, (max-width: 1024px) 100vw, 1024px\" \/><\/figure>\n\n\n\n<figure class=\"wp-block-image size-large\"><img loading=\"lazy\" decoding=\"async\" width=\"1024\" height=\"679\" data-id=\"141\" src=\"https:\/\/nautitours.cl\/wp-content\/uploads\/2023\/01\/kayak-actividades-que-hacer-en-lago-vichuquen-turismo-actividades-en-vichquen-1024x679.jpg\" alt=\"\" class=\"wp-image-141\" srcset=\"https:\/\/nautitours.cl\/wp-content\/uploads\/2023\/01\/kayak-actividades-que-hacer-en-lago-vichuquen-turismo-actividades-en-vichquen-1024x679.jpg 1024w, https:\/\/nautitours.cl\/wp-content\/uploads\/2023\/01\/kayak-actividades-que-hacer-en-lago-vichuquen-turismo-actividades-en-vichquen-300x199.jpg 300w, https:\/\/nautitours.cl\/wp-content\/uploads\/2023\/01\/kayak-actividades-que-hacer-en-lago-vichuquen-turismo-actividades-en-vichquen-768x509.jpg 768w, https:\/\/nautitours.cl\/wp-content\/uploads\/2023\/01\/kayak-actividades-que-hacer-en-lago-vichuquen-turismo-actividades-en-vichquen.jpg 1497w\" sizes=\"auto, (max-width: 1024px) 100vw, 1024px\" \/><\/figure>\n\n\n\n<figure class=\"wp-block-image size-large\"><img loading=\"lazy\" decoding=\"async\" width=\"1024\" height=\"678\" data-id=\"142\" src=\"https:\/\/nautitours.cl\/wp-content\/uploads\/2023\/01\/NAUTITOURS_VICHUQUEN-1-1024x678.jpg\" alt=\"\" class=\"wp-image-142\" srcset=\"https:\/\/nautitours.cl\/wp-content\/uploads\/2023\/01\/NAUTITOURS_VICHUQUEN-1-1024x678.jpg 1024w, https:\/\/nautitours.cl\/wp-content\/uploads\/2023\/01\/NAUTITOURS_VICHUQUEN-1-300x199.jpg 300w, https:\/\/nautitours.cl\/wp-content\/uploads\/2023\/01\/NAUTITOURS_VICHUQUEN-1-768x509.jpg 768w, https:\/\/nautitours.cl\/wp-content\/uploads\/2023\/01\/NAUTITOURS_VICHUQUEN-1-1536x1017.jpg 1536w, https:\/\/nautitours.cl\/wp-content\/uploads\/2023\/01\/NAUTITOURS_VICHUQUEN-1-2048x1356.jpg 2048w\" sizes=\"auto, (max-width: 1024px) 100vw, 1024px\" \/><\/figure>\n<\/figure>\n\n\n\n<div class=\"wp-block-columns is-layout-flex wp-container-core-columns-is-layout-9d6595d7 wp-block-columns-is-layout-flex\">\n<div class=\"wp-block-column is-layout-flow wp-block-column-is-layout-flow\" style=\"flex-basis:100%\">\n<p>&nbsp;&nbsp;<\/p>\n\n\n\n<figure class=\"wp-block-gallery has-nested-images columns-default is-cropped wp-block-gallery-3 is-layout-flex wp-block-gallery-is-layout-flex\"><\/figure>\n<\/div>\n<\/div>\n\n\n\n<p><em>Recomendaciones<\/em><\/p>\n\n\n\n<p><em>*Sugerimos bolsa seca para llevar art\u00edculos electr\u00f3nicos o pertenencias.<\/em><\/p>\n\n\n\n<p><em>Traje de ba\u00f1o, lentes de sol y gorro, bloqueador solar, toalla y sandalia o zapato para agua.<\/em><\/p>\n\n\n\n<p><em>Alimentaci\u00f3n y agua, snack o fruta de su gusto, botella con agua o l\u00edquido para beber durante la actividad.<\/em><\/p>\n\n\n\n<p><em>Ropa de recambio para el t\u00e9rmino de la actividad.<\/em><\/p>\n\n\n\n<h2 class=\"wp-block-heading\">Stand Up Paddle<\/h2>\n\n\n\n<p>El Lago Vichuqu\u00e9n es id\u00f3neo para la pr\u00e1ctica del Stand up paddle, este lago de aguas tranquilas y templadas, es ideal para la pr\u00e1ctica de deportes n\u00e1uticos y amantes de la naturaleza.<\/p>\n\n\n\n<p>Tenemos el equipo que necesitas para iniciarte al Stand Up Paddle, contamos con tablas soft board \u2013 r\u00edgidas \u2013 inflables, cons\u00faltanos y te asesoramos!<\/p>\n\n\n\n<p>Todo arriendo incluye tabla &#8211; remo &#8211; chaleco salvavidas \u00f3 leash seg\u00fan sea requerido.<\/p>\n\n\n\n<p>Tenemos equipos que cumplen los est\u00e1ndares m\u00e1s altos de calidad para que tengas una experiencia \u00fanica y segura, gu\u00eda con certificaci\u00f3n WFR, con m\u00e1s de 5 a\u00f1os de experiencia en el mundo del SUP.<\/p>\n\n\n\n<div class=\"wp-block-columns is-layout-flex wp-container-core-columns-is-layout-9d6595d7 wp-block-columns-is-layout-flex\">\n<div class=\"wp-block-column is-layout-flow wp-block-column-is-layout-flow\" style=\"flex-basis:100%\">\n<div class=\"wp-block-group\"><div class=\"wp-block-group__inner-container is-layout-constrained wp-block-group-is-layout-constrained\">\n<figure class=\"wp-block-gallery has-nested-images columns-default is-cropped wp-block-gallery-4 is-layout-flex wp-block-gallery-is-layout-flex\">\n<figure class=\"wp-block-image size-large\"><img loading=\"lazy\" decoding=\"async\" width=\"1024\" height=\"678\" data-id=\"72\" src=\"https:\/\/nautitours.cl\/wp-content\/uploads\/2023\/01\/SUP-NAUTI-TEAM-001-1-1024x678.jpg\" alt=\"\" class=\"wp-image-72\" srcset=\"https:\/\/nautitours.cl\/wp-content\/uploads\/2023\/01\/SUP-NAUTI-TEAM-001-1-1024x678.jpg 1024w, https:\/\/nautitours.cl\/wp-content\/uploads\/2023\/01\/SUP-NAUTI-TEAM-001-1-300x199.jpg 300w, https:\/\/nautitours.cl\/wp-content\/uploads\/2023\/01\/SUP-NAUTI-TEAM-001-1-768x509.jpg 768w, https:\/\/nautitours.cl\/wp-content\/uploads\/2023\/01\/SUP-NAUTI-TEAM-001-1-1536x1017.jpg 1536w, https:\/\/nautitours.cl\/wp-content\/uploads\/2023\/01\/SUP-NAUTI-TEAM-001-1-2048x1357.jpg 2048w\" sizes=\"auto, (max-width: 1024px) 100vw, 1024px\" \/><\/figure>\n\n\n\n<figure class=\"wp-block-image size-large\"><img loading=\"lazy\" decoding=\"async\" width=\"900\" height=\"569\" data-id=\"67\" src=\"https:\/\/nautitours.cl\/wp-content\/uploads\/2023\/01\/SUP-NAUTITOURS-VICHUQUEN-0004.jpg\" alt=\"\" class=\"wp-image-67\" srcset=\"https:\/\/nautitours.cl\/wp-content\/uploads\/2023\/01\/SUP-NAUTITOURS-VICHUQUEN-0004.jpg 900w, https:\/\/nautitours.cl\/wp-content\/uploads\/2023\/01\/SUP-NAUTITOURS-VICHUQUEN-0004-300x190.jpg 300w, https:\/\/nautitours.cl\/wp-content\/uploads\/2023\/01\/SUP-NAUTITOURS-VICHUQUEN-0004-768x486.jpg 768w\" sizes=\"auto, (max-width: 900px) 100vw, 900px\" \/><\/figure>\n\n\n\n<figure class=\"wp-block-image size-large\"><img loading=\"lazy\" decoding=\"async\" width=\"900\" height=\"506\" data-id=\"71\" src=\"https:\/\/nautitours.cl\/wp-content\/uploads\/2023\/01\/SUP-NAUTITOURS-VICHUQUEN-0001.jpg\" alt=\"\" class=\"wp-image-71\" srcset=\"https:\/\/nautitours.cl\/wp-content\/uploads\/2023\/01\/SUP-NAUTITOURS-VICHUQUEN-0001.jpg 900w, https:\/\/nautitours.cl\/wp-content\/uploads\/2023\/01\/SUP-NAUTITOURS-VICHUQUEN-0001-300x169.jpg 300w, https:\/\/nautitours.cl\/wp-content\/uploads\/2023\/01\/SUP-NAUTITOURS-VICHUQUEN-0001-768x432.jpg 768w\" sizes=\"auto, (max-width: 900px) 100vw, 900px\" \/><\/figure>\n<\/figure>\n<\/div><\/div>\n\n\n\n<figure class=\"wp-block-gallery has-nested-images columns-default is-cropped wp-block-gallery-5 is-layout-flex wp-block-gallery-is-layout-flex\">\n<figure class=\"wp-block-image size-large\"><img loading=\"lazy\" decoding=\"async\" width=\"900\" height=\"675\" data-id=\"77\" src=\"https:\/\/nautitours.cl\/wp-content\/uploads\/2023\/01\/SUP-NAUTITOURS-VICHUQUEN-0003-1.jpg\" alt=\"\" class=\"wp-image-77\" srcset=\"https:\/\/nautitours.cl\/wp-content\/uploads\/2023\/01\/SUP-NAUTITOURS-VICHUQUEN-0003-1.jpg 900w, https:\/\/nautitours.cl\/wp-content\/uploads\/2023\/01\/SUP-NAUTITOURS-VICHUQUEN-0003-1-300x225.jpg 300w, https:\/\/nautitours.cl\/wp-content\/uploads\/2023\/01\/SUP-NAUTITOURS-VICHUQUEN-0003-1-768x576.jpg 768w\" sizes=\"auto, (max-width: 900px) 100vw, 900px\" \/><\/figure>\n<\/figure>\n<\/div>\n<\/div>\n\n\n\n<h2 class=\"wp-block-heading\">Clases Esqu\u00ed n\u00e1utico \u2013 Wakeboard<\/h2>\n\n\n\n<p>Nuestras clases son de iniciaci\u00f3n para ni\u00f1os desde los 8 a\u00f1os de edad.<\/p>\n\n\n\n<p>Contamos con todo el equipo e instructor, nuestro mayor esfuerzo es entregarte todas las herramientas para que pongas en pr\u00e1ctica tus habilidades y puedas aprender este privilegiado deporte.<\/p>\n\n\n\n<figure class=\"wp-block-gallery has-nested-images columns-default is-cropped wp-block-gallery-6 is-layout-flex wp-block-gallery-is-layout-flex\">\n<figure class=\"wp-block-image size-large\"><img loading=\"lazy\" decoding=\"async\" width=\"900\" height=\"596\" data-id=\"75\" src=\"https:\/\/nautitours.cl\/wp-content\/uploads\/2023\/01\/CLASES-ESQUI-NAUTICO-0001.jpg\" alt=\"\" class=\"wp-image-75\" srcset=\"https:\/\/nautitours.cl\/wp-content\/uploads\/2023\/01\/CLASES-ESQUI-NAUTICO-0001.jpg 900w, https:\/\/nautitours.cl\/wp-content\/uploads\/2023\/01\/CLASES-ESQUI-NAUTICO-0001-300x199.jpg 300w, https:\/\/nautitours.cl\/wp-content\/uploads\/2023\/01\/CLASES-ESQUI-NAUTICO-0001-768x509.jpg 768w\" sizes=\"auto, (max-width: 900px) 100vw, 900px\" \/><\/figure>\n\n\n\n<figure class=\"wp-block-image size-large\"><img loading=\"lazy\" decoding=\"async\" width=\"900\" height=\"596\" data-id=\"76\" src=\"https:\/\/nautitours.cl\/wp-content\/uploads\/2023\/01\/CLASES-ESQUI-NAUTICO-0002.jpg\" alt=\"\" class=\"wp-image-76\" srcset=\"https:\/\/nautitours.cl\/wp-content\/uploads\/2023\/01\/CLASES-ESQUI-NAUTICO-0002.jpg 900w, https:\/\/nautitours.cl\/wp-content\/uploads\/2023\/01\/CLASES-ESQUI-NAUTICO-0002-300x199.jpg 300w, https:\/\/nautitours.cl\/wp-content\/uploads\/2023\/01\/CLASES-ESQUI-NAUTICO-0002-768x509.jpg 768w\" sizes=\"auto, (max-width: 900px) 100vw, 900px\" \/><\/figure>\n\n\n\n<figure class=\"wp-block-image size-large\"><img loading=\"lazy\" decoding=\"async\" width=\"900\" height=\"596\" data-id=\"73\" src=\"https:\/\/nautitours.cl\/wp-content\/uploads\/2023\/01\/CLASES-ESQUI-NAUTICO-0003.jpg\" alt=\"\" class=\"wp-image-73\" srcset=\"https:\/\/nautitours.cl\/wp-content\/uploads\/2023\/01\/CLASES-ESQUI-NAUTICO-0003.jpg 900w, https:\/\/nautitours.cl\/wp-content\/uploads\/2023\/01\/CLASES-ESQUI-NAUTICO-0003-300x199.jpg 300w, https:\/\/nautitours.cl\/wp-content\/uploads\/2023\/01\/CLASES-ESQUI-NAUTICO-0003-768x509.jpg 768w\" sizes=\"auto, (max-width: 900px) 100vw, 900px\" \/><\/figure>\n\n\n\n<figure class=\"wp-block-image size-large\"><img loading=\"lazy\" decoding=\"async\" width=\"900\" height=\"596\" data-id=\"74\" src=\"https:\/\/nautitours.cl\/wp-content\/uploads\/2023\/01\/CLASES-ESQUI-NAUTICO-0004.jpg\" alt=\"\" class=\"wp-image-74\" srcset=\"https:\/\/nautitours.cl\/wp-content\/uploads\/2023\/01\/CLASES-ESQUI-NAUTICO-0004.jpg 900w, https:\/\/nautitours.cl\/wp-content\/uploads\/2023\/01\/CLASES-ESQUI-NAUTICO-0004-300x199.jpg 300w, https:\/\/nautitours.cl\/wp-content\/uploads\/2023\/01\/CLASES-ESQUI-NAUTICO-0004-768x509.jpg 768w\" sizes=\"auto, (max-width: 900px) 100vw, 900px\" \/><\/figure>\n<\/figure>\n\n\n\n<div class=\"wp-block-columns alignwide is-layout-flex wp-container-core-columns-is-layout-9d6595d7 wp-block-columns-is-layout-flex\">\n<div class=\"wp-block-column is-layout-flow wp-block-column-is-layout-flow\" style=\"flex-basis:100%\">\n<h3 class=\"has-large-font-size wp-block-heading\" id=\"inspiro-is-a-digital-product-agency-that-focuses-on-strategy-and-desig\" style=\"font-weight:300\"><strong>Ven y an\u00edmate a disfrutar del Lago!!<\/strong><\/h3>\n<\/div>\n<\/div>\n\n\n\n<figure class=\"wp-block-embed alignwide is-type-video is-provider-youtube wp-block-embed-youtube wp-embed-aspect-16-9 wp-has-aspect-ratio\"><div class=\"wp-block-embed__wrapper\">\n<iframe loading=\"lazy\" title=\"Nautitours Lago Vichuquen\" width=\"525\" height=\"295\" src=\"https:\/\/www.youtube.com\/embed\/94UZpd5nBsw?feature=oembed\" frameborder=\"0\" allow=\"accelerometer; autoplay; clipboard-write; encrypted-media; gyroscope; picture-in-picture; web-share\" referrerpolicy=\"strict-origin-when-cross-origin\" allowfullscreen><\/iframe>\n<\/div><\/figure>\n\n\n\n<div style=\"height:100px\" aria-hidden=\"true\" class=\"wp-block-spacer\"><\/div>\n","protected":false},"excerpt":{"rendered":"<p>Paseos Tour\u2019s en lancha Todos nuestros tour\u2019s son privados para un m\u00e1ximo de 6 pasajeros. Tenemos diferentes alternativas de recorrido, desde 15 minutos de navegaci\u00f3n donde podr\u00e1s conocer la Isla Cerrillos (Reserva Nacional Laguna Torca) hasta 1 \u00bd hora donde conocer\u00e1s todos los rincones del lago y sus bah\u00edas, podr\u00e1s disfrutar un piquero de acuerdo [&hellip;]<\/p>\n","protected":false},"author":1,"featured_media":47,"parent":0,"menu_order":0,"comment_status":"closed","ping_status":"closed","template":"","meta":{"footnotes":""},"class_list":["post-7","page","type-page","status-publish","has-post-thumbnail","hentry"],"yoast_head":"<!-- This site is optimized with the Yoast SEO plugin v22.3 - https:\/\/yoast.com\/wordpress\/plugins\/seo\/ -->\n<title>Actividades<\/title>\n<meta name=\"robots\" content=\"index, follow, max-snippet:-1, max-image-preview:large, max-video-preview:-1\" \/>\n<link rel=\"canonical\" href=\"https:\/\/nautitours.cl\/?page_id=7\" \/>\n<meta property=\"og:locale\" content=\"es_ES\" \/>\n<meta property=\"og:type\" content=\"article\" \/>\n<meta property=\"og:title\" content=\"Actividades\" \/>\n<meta property=\"og:description\" content=\"Paseos Tour\u2019s en lancha Todos nuestros tour\u2019s son privados para un m\u00e1ximo de 6 pasajeros. Tenemos diferentes alternativas de recorrido, desde 15 minutos de navegaci\u00f3n donde podr\u00e1s conocer la Isla Cerrillos (Reserva Nacional Laguna Torca) hasta 1 \u00bd hora donde conocer\u00e1s todos los rincones del lago y sus bah\u00edas, podr\u00e1s disfrutar un piquero de acuerdo [&hellip;]\" \/>\n<meta property=\"og:url\" content=\"https:\/\/nautitours.cl\/?page_id=7\" \/>\n<meta property=\"article:modified_time\" content=\"2023-01-06T18:33:18+00:00\" \/>\n<meta property=\"og:image\" content=\"https:\/\/nautitours.cl\/wp-content\/uploads\/2023\/01\/DJI_0005-scaled.jpg\" \/>\n\t<meta property=\"og:image:width\" content=\"2560\" \/>\n\t<meta property=\"og:image:height\" content=\"1440\" \/>\n\t<meta property=\"og:image:type\" content=\"image\/jpeg\" \/>\n<meta name=\"twitter:card\" content=\"summary_large_image\" \/>\n<meta name=\"twitter:label1\" content=\"Tiempo de lectura\" \/>\n\t<meta name=\"twitter:data1\" content=\"2 minutos\" \/>\n<script type=\"application\/ld+json\" class=\"yoast-schema-graph\">{\"@context\":\"https:\/\/schema.org\",\"@graph\":[{\"@type\":\"WebPage\",\"@id\":\"https:\/\/nautitours.cl\/?page_id=7\",\"url\":\"https:\/\/nautitours.cl\/?page_id=7\",\"name\":\"Actividades\",\"isPartOf\":{\"@id\":\"https:\/\/nautitours.cl\/#website\"},\"primaryImageOfPage\":{\"@id\":\"https:\/\/nautitours.cl\/?page_id=7#primaryimage\"},\"image\":{\"@id\":\"https:\/\/nautitours.cl\/?page_id=7#primaryimage\"},\"thumbnailUrl\":\"https:\/\/nautitours.cl\/wp-content\/uploads\/2023\/01\/DJI_0005-scaled.jpg\",\"datePublished\":\"2023-01-06T00:18:04+00:00\",\"dateModified\":\"2023-01-06T18:33:18+00:00\",\"breadcrumb\":{\"@id\":\"https:\/\/nautitours.cl\/?page_id=7#breadcrumb\"},\"inLanguage\":\"es\",\"potentialAction\":[{\"@type\":\"ReadAction\",\"target\":[\"https:\/\/nautitours.cl\/?page_id=7\"]}]},{\"@type\":\"ImageObject\",\"inLanguage\":\"es\",\"@id\":\"https:\/\/nautitours.cl\/?page_id=7#primaryimage\",\"url\":\"https:\/\/nautitours.cl\/wp-content\/uploads\/2023\/01\/DJI_0005-scaled.jpg\",\"contentUrl\":\"https:\/\/nautitours.cl\/wp-content\/uploads\/2023\/01\/DJI_0005-scaled.jpg\",\"width\":2560,\"height\":1440,\"caption\":\"DCIM\\\\100MEDIA\\\\DJI_0005.JPG\"},{\"@type\":\"BreadcrumbList\",\"@id\":\"https:\/\/nautitours.cl\/?page_id=7#breadcrumb\",\"itemListElement\":[{\"@type\":\"ListItem\",\"position\":1,\"name\":\"Portada\",\"item\":\"https:\/\/nautitours.cl\/\"},{\"@type\":\"ListItem\",\"position\":2,\"name\":\"Actividades\"}]},{\"@type\":\"WebSite\",\"@id\":\"https:\/\/nautitours.cl\/#website\",\"url\":\"https:\/\/nautitours.cl\/\",\"name\":\"Nautitours\",\"description\":\"\",\"publisher\":{\"@id\":\"https:\/\/nautitours.cl\/#organization\"},\"potentialAction\":[{\"@type\":\"SearchAction\",\"target\":{\"@type\":\"EntryPoint\",\"urlTemplate\":\"https:\/\/nautitours.cl\/?s={search_term_string}\"},\"query-input\":\"required name=search_term_string\"}],\"inLanguage\":\"es\"},{\"@type\":\"Organization\",\"@id\":\"https:\/\/nautitours.cl\/#organization\",\"name\":\"Nautitours\",\"url\":\"https:\/\/nautitours.cl\/\",\"logo\":{\"@type\":\"ImageObject\",\"inLanguage\":\"es\",\"@id\":\"https:\/\/nautitours.cl\/#\/schema\/logo\/image\/\",\"url\":\"https:\/\/nautitours.cl\/wp-content\/uploads\/2023\/01\/cropped-NAUTITOURS-LOGO.png\",\"contentUrl\":\"https:\/\/nautitours.cl\/wp-content\/uploads\/2023\/01\/cropped-NAUTITOURS-LOGO.png\",\"width\":456,\"height\":250,\"caption\":\"Nautitours\"},\"image\":{\"@id\":\"https:\/\/nautitours.cl\/#\/schema\/logo\/image\/\"}}]}<\/script>\n<!-- \/ Yoast SEO plugin. -->","yoast_head_json":{"title":"Actividades","robots":{"index":"index","follow":"follow","max-snippet":"max-snippet:-1","max-image-preview":"max-image-preview:large","max-video-preview":"max-video-preview:-1"},"canonical":"https:\/\/nautitours.cl\/?page_id=7","og_locale":"es_ES","og_type":"article","og_title":"Actividades","og_description":"Paseos Tour\u2019s en lancha Todos nuestros tour\u2019s son privados para un m\u00e1ximo de 6 pasajeros. Tenemos diferentes alternativas de recorrido, desde 15 minutos de navegaci\u00f3n donde podr\u00e1s conocer la Isla Cerrillos (Reserva Nacional Laguna Torca) hasta 1 \u00bd hora donde conocer\u00e1s todos los rincones del lago y sus bah\u00edas, podr\u00e1s disfrutar un piquero de acuerdo [&hellip;]","og_url":"https:\/\/nautitours.cl\/?page_id=7","article_modified_time":"2023-01-06T18:33:18+00:00","og_image":[{"width":2560,"height":1440,"url":"https:\/\/nautitours.cl\/wp-content\/uploads\/2023\/01\/DJI_0005-scaled.jpg","type":"image\/jpeg"}],"twitter_card":"summary_large_image","twitter_misc":{"Tiempo de lectura":"2 minutos"},"schema":{"@context":"https:\/\/schema.org","@graph":[{"@type":"WebPage","@id":"https:\/\/nautitours.cl\/?page_id=7","url":"https:\/\/nautitours.cl\/?page_id=7","name":"Actividades","isPartOf":{"@id":"https:\/\/nautitours.cl\/#website"},"primaryImageOfPage":{"@id":"https:\/\/nautitours.cl\/?page_id=7#primaryimage"},"image":{"@id":"https:\/\/nautitours.cl\/?page_id=7#primaryimage"},"thumbnailUrl":"https:\/\/nautitours.cl\/wp-content\/uploads\/2023\/01\/DJI_0005-scaled.jpg","datePublished":"2023-01-06T00:18:04+00:00","dateModified":"2023-01-06T18:33:18+00:00","breadcrumb":{"@id":"https:\/\/nautitours.cl\/?page_id=7#breadcrumb"},"inLanguage":"es","potentialAction":[{"@type":"ReadAction","target":["https:\/\/nautitours.cl\/?page_id=7"]}]},{"@type":"ImageObject","inLanguage":"es","@id":"https:\/\/nautitours.cl\/?page_id=7#primaryimage","url":"https:\/\/nautitours.cl\/wp-content\/uploads\/2023\/01\/DJI_0005-scaled.jpg","contentUrl":"https:\/\/nautitours.cl\/wp-content\/uploads\/2023\/01\/DJI_0005-scaled.jpg","width":2560,"height":1440,"caption":"DCIM\\100MEDIA\\DJI_0005.JPG"},{"@type":"BreadcrumbList","@id":"https:\/\/nautitours.cl\/?page_id=7#breadcrumb","itemListElement":[{"@type":"ListItem","position":1,"name":"Portada","item":"https:\/\/nautitours.cl\/"},{"@type":"ListItem","position":2,"name":"Actividades"}]},{"@type":"WebSite","@id":"https:\/\/nautitours.cl\/#website","url":"https:\/\/nautitours.cl\/","name":"Nautitours","description":"","publisher":{"@id":"https:\/\/nautitours.cl\/#organization"},"potentialAction":[{"@type":"SearchAction","target":{"@type":"EntryPoint","urlTemplate":"https:\/\/nautitours.cl\/?s={search_term_string}"},"query-input":"required name=search_term_string"}],"inLanguage":"es"},{"@type":"Organization","@id":"https:\/\/nautitours.cl\/#organization","name":"Nautitours","url":"https:\/\/nautitours.cl\/","logo":{"@type":"ImageObject","inLanguage":"es","@id":"https:\/\/nautitours.cl\/#\/schema\/logo\/image\/","url":"https:\/\/nautitours.cl\/wp-content\/uploads\/2023\/01\/cropped-NAUTITOURS-LOGO.png","contentUrl":"https:\/\/nautitours.cl\/wp-content\/uploads\/2023\/01\/cropped-NAUTITOURS-LOGO.png","width":456,"height":250,"caption":"Nautitours"},"image":{"@id":"https:\/\/nautitours.cl\/#\/schema\/logo\/image\/"}}]}},"_links":{"self":[{"href":"https:\/\/nautitours.cl\/index.php?rest_route=\/wp\/v2\/pages\/7","targetHints":{"allow":["GET"]}}],"collection":[{"href":"https:\/\/nautitours.cl\/index.php?rest_route=\/wp\/v2\/pages"}],"about":[{"href":"https:\/\/nautitours.cl\/index.php?rest_route=\/wp\/v2\/types\/page"}],"author":[{"embeddable":true,"href":"https:\/\/nautitours.cl\/index.php?rest_route=\/wp\/v2\/users\/1"}],"replies":[{"embeddable":true,"href":"https:\/\/nautitours.cl\/index.php?rest_route=%2Fwp%2Fv2%2Fcomments&post=7"}],"version-history":[{"count":9,"href":"https:\/\/nautitours.cl\/index.php?rest_route=\/wp\/v2\/pages\/7\/revisions"}],"predecessor-version":[{"id":144,"href":"https:\/\/nautitours.cl\/index.php?rest_route=\/wp\/v2\/pages\/7\/revisions\/144"}],"wp:featuredmedia":[{"embeddable":true,"href":"https:\/\/nautitours.cl\/index.php?rest_route=\/wp\/v2\/media\/47"}],"wp:attachment":[{"href":"https:\/\/nautitours.cl\/index.php?rest_route=%2Fwp%2Fv2%2Fmedia&parent=7"}],"curies":[{"name":"wp","href":"https:\/\/api.w.org\/{rel}","templated":true}]}}